 List the prime factors of u.
2
Let c(b) = 2*b**3 + b + 1. Let g be c(-2). Let o = g + 25. What are the prime factors of o?
2
Suppose 0 = -5*m - 5. List the prime factors of (m/1)/((-2)/46).
23
What are the prime factors of (-145)/15*(-12)/2?
2, 29
Suppose 41 = x - 5*v + 2*v, 3*x = -2*v + 68. What are the prime factors of x?
2, 13
Let k(j) = j**3 + 8*j**2 + 7*j - 3. What are the prime factors of k(-4)?
3, 11
Let p be 6/9 - (-1)/3. Let f = p - -3. Suppose 5*l = 6 + f. What are the prime factors of l?
2
Let m = 16 - -26. What are the prime factors of m?
2, 3, 7
Suppose -4*k = -8*k. Suppose k*s + 4 = 2*s. Suppose s*x = x + 4. What are the prime factors of x?
2
Suppose -13 = 4*g - 37. Let w(x) = 2*x - 8. Let y be w(g). Suppose -y*n = -2*l + 11 + 1, -4*n = 4*l - 84. What are the prime factors of l?
2
Suppose -3*p = 4*l - 24, 3*p - l = 6 + 3. List the prime factors of p.
2
Let b(v) = -v**3 + 11*v**2 - 11*v + 14. Let z be (-3 - -1)/2*-10. What are the prime factors of b(z)?
2
Suppose -5*o - a = 4*a - 360, -o + 56 = 5*a. List the prime factors of o.
2, 19
What are the prime factors of (-3 + (-48)/(-9))*(9 - -132)?
7, 47
Let k(q) = 4*q - 6. Let c be 2 - (-1 + -2) - 1. List the prime factors of k(c).
2, 5
Let j(w) = -w + 4. Let b be j(2). Suppose 4*a = u + 44, a + 4 = -3*u + b. What are the prime factors of a?
2, 5
Suppose s + d = -30, -13 = 5*d + 7. Let o = 35 + s. What are the prime factors of o?
3
Let w(u) = -3*u + 1 - 3 + 10*u. Let g be w(4). Let v = g - 14. List the prime factors of v.
2, 3
Let z = -3 - 12. What are the prime factors of 10/z + (-14)/(-3)?
2
Suppose 0 = 4*m + m. Let d(s) be the second derivative of s**3/6 + 5*s**2/2 + 3*s. List the prime factors of d(m).
5
What are the prime factors of (3/(-6))/(10/(-1740))?
3, 29
Suppose -5*w + 2*b = -27, 0 = -5*w - 0*w + 5*b + 30. Let z = -65 - -125. Suppose w*m - m = z. What are the prime factors of m?
3, 5
Let p(f) = f**3 + 4*f**2 - 6*f - 1. Suppose -3*s + 25 = -8*s. What are the prime factors of p(s)?
2
Let i = -7 - -3. Let o(k) = -6*k - 2. Let v be o(-3). Let r = i + v. What are the prime factors of r?
2, 3
Let y = 47 + -33. Suppose -10 = -m + y. List the prime factors of m.
2, 3
Suppose 0 = 2*m + 4*v - 48, 4*m + v = -0*v + 68. List the prime factors of m.
2
Suppose 2*b = -5*i - 77, -5*b - 5*i = 69 + 86. List the prime factors of (b/(-8))/((-6)/(-24)).
13
Let z(r) = 3*r**2 + 1. Let h be z(1). Suppose -h = -3*b + 2. Suppose 4*x - 2*j - 48 = 0, 8*x - 56 = 4*x - b*j. List the prime factors of x.
13
Suppose -5*l = -794 - 106. What are the prime factors of l?
2, 3, 5
Let h = 35 + 133. What are the prime factors of h?
2, 3, 7
Suppose 5 = i - 0. Suppose 0 = 2*p - i*t - 34, -4*t + 12 + 22 = 2*p. What are the prime factors of p?
17
Let k(x) = -x**3 + 9*x**2 - 10*x + 11. Suppose 2*w + 0*u - 4*u = 28, 0 = 2*w + 4*u - 4. Let i be k(w). Let b = 15 + i. List the prime factors of b.
2, 5
Suppose 3*r = -2*g, -2*g + 3*r + 12 + 0 = 0. Let u(k) = 2*k**3 - 4*k**2 - k - 1. List the prime factors of u(g).
2, 7
Let n = -25 - -54. Suppose 0 = -4*b + 19 + n. List the prime factors of b.
2, 3
Let t(w) = w**2 + 14*w - 3. Let j be t(-14). Let l(z) = -5*z + 2. What are the prime factors of l(j)?
17
Suppose 4*g + 2*x + 58 = 0, 5*g + 80 = 2*x + 3*x. What are the prime factors of 21/4 - g/20?
2, 3
Let r(i) = 7*i**2 - i + 14. What are the prime factors of r(5)?
2, 23
Let o be (-7)/3 + 3/9. Let v be (18/(o - -5))/2. Suppose 0*i - v*i = -45. What are the prime factors of i?
3, 5
Let r = 1 + 1. Let t = 11 - r. What are the prime factors of t?
3
Let r = 186 + -76. Suppose -3*x = 2*x - r. Let z = -5 + x. What are the prime factors of z?
17
Let s = -332 + 491. What are the prime factors of s?
3, 53
Let x(w) = 6*w - 5. Let m be x(6). Let y = 19 - m. Let g = 23 + y. List the prime factors of g.
11
Let k(v) be the second derivative of v**4/12 + v**2 + v. List the prime factors of k(-2).
2, 3
Let z = 91 - 39. List the prime factors of z.
2, 13
Let y = 17 - 12. Let k = -1 - y. Let o = k - -21. What are the prime factors of o?
3, 5
Suppose -244 = -3*b + 23. List the prime factors of b.
89
What are the prime factors of ((-8)/10)/(584/(-290) - -2)?
2, 29
Let p(r) = -r + 3. Let a be p(4). Let g be (23 + 0)*1 + a. Let l = -16 + g. What are the prime factors of l?
2, 3
Suppose 3*o + 20 = -19. Let j = -8 - o. Suppose -j*m + 22 = -38. What are the prime factors of m?
2, 3
Let s = 123 - 63. Suppose -5*z + 3*j = -2*j - s, z + 3*j = 28. List the prime factors of z.
2
Let s(i) = i**3 - 2*i + 7. What are the prime factors of s(6)?
211
Let l be -1 + 1 + 1 + 1. List the prime factors of (l/6)/((-6)/(-54)).
3
Let q = 227 + -68. List the prime factors of q.
3, 53
Suppose -2*c = -4*l + 3*c + 390, 2*l = 3*c + 194. What are the prime factors of l?
2, 5
Suppose 15 = 4*h - 5. What are the prime factors of h?
5
Let q(s) = 2*s + 5. Let n(c) = 3*c**2 - 2*c - 4. Let t be n(3). What are the prime factors of q(t)?
3, 13
Suppose 1 + 3 = 4*l. What are the prime factors of (1 - 0) + 13*l?
2, 7
Let y = -21 - -37. What are the prime factors of y?
2
Let j be ((-15)/(-10))/((-6)/16). What are the prime factors of (1 - 0)*(-88)/j?
2, 11
Let i = 23 + 32. What are the prime factors of i?
5, 11
Let b(p) = 313*p**3 + p**2 - 1. What are the prime factors of b(1)?
313
Let h be -1*(-2 + (2 - 2)). Suppose g = -h*n + 2 - 60, 0 = n + 2*g + 26. List the prime factors of (-1 + 16)*n/(-25).
2, 3
Let o(z) = z**2 - 4*z - 2. Let g be o(3). Suppose -4*h + 11 = 3*u - 33, 0 = -2*u - 4*h + 36. Let x = g + u. List the prime factors of x.
3
Let j(m) = 4*m**2 - 7*m - 9. What are the prime factors of j(-7)?
2, 59
Let r(o) = -o**3 - 11*o**2 + 10*o - 2. What are the prime factors of r(-12)?
2, 11
Let v(p) = -p**2 - 4*p - 1. Let i be v(-2). What are the prime factors of 101/i + 6/(-9)?
3, 11
Suppose -5*a + 4 = 39. Let d(n) = -n + 7. What are the prime factors of d(a)?
2, 7
Suppose 2*u + 100 = -2*u. Let f = -3 - u. List the prime factors of f.
2, 11
Let g be (-4)/(-26) + 84/(-39). Let y be 2/(-3) + g/(-3). Suppose y = 5*h - 12 - 13. List the prime factors of h.
5
Let y = 30 + -33. List the prime factors of (4 + y)*57 - 2.
5, 11
Suppose 3*j = -2*n + 728, 5*n + 3*j - 1841 = 6*j. List the prime factors of n.
367
Let g(o) = o**2 + o - 5. Suppose 2*p + 12 = 2. What are the prime factors of g(p)?
3, 5
Let f(d) = 4*d**2 + 23*d + 21. List the prime factors of f(-9).
2, 3, 23
Let w(a) be the third derivative of a**4/24 - 2*a**3/3 + a**2. Let x = -12 + 19. What are the prime factors of w(x)?
3
Let h(l) = l**2 - 6*l - 8. Let i be h(9). Let k = 29 - i. Let p = 17 - k. What are the prime factors of p?
7
Suppose 0 = 3*v - 7*q + 4*q, 3*q - 20 = -v. Let d be (v/(-2) + 3)*-4. Let a(n) = -3*n + 2. List the prime factors of a(d).
2
Suppose j - 133 = -3*t, 5*t - 274 = -2*j - 52. Suppose 2*i = -2*q - 2*q + t, 4*i + 5*q = 100. What are the prime factors of i?
2, 3, 5
Let p(i) = 7*i**2. What are the prime factors of p(-5)?
5, 7
Suppose 4*i - 10 = -i. Let v(y) = -y**3 + 11*y**2 + 13*y - 10. Let w be v(12). Suppose w*j - 5 - 45 = 3*c, j - i*c - 27 = 0. What are the prime factors of j?
19
Suppose 2 = v - 3. What are the prime factors of 19/v + 6/30?
2
Let y = -25 + 25. Suppose 4*m = -0*m + 132. Suppose 0 = h - 5*b - y + 6, b = 2*h - m. What are the prime factors of h?
19
Suppose 90 - 350 = 4*l. What are the prime factors of (6/15)/((-1)/l)?
2, 13
Let k = -101 - -36. List the prime factors of k/(-4) + 15/20.
17
Suppose -3*r - 4*k = -16, -5*r + r - 2*k + 8 = 0. Let w(u) = -u**3 - u**2 + u + 10. Let q be w(r). Let x = q - 7. What are the prime factors of x?
3
Suppose -h + 4 = 0, -3*h = -z - 26 - 12. Let p = 47 + z. What are the prime factors of p?
3, 7
Let i = 7 - 3. Suppose 2*q - i*q + 6 = 0. Suppose -2*b = 2*x - 26, -q*b + 2*b = -2*x + 26. List the prime factors of x.
13
List the prime factors of 3 + 0 + -1 + -1 + 154.
5, 31
Suppose 6 = 2*a, -o - a - 6 = 2*o. Let z be o/2 - 27/(-2). Let m = -7 + z. What are the prime factors of m?
5
Suppose 4*l - 18 = -2*g, g + 4*g + 21 = l. Suppose 3*z = 4*p - 2*z + 10, 3*z - l = 4*p. Let c = p - -10. What are the prime factors of c?
2, 5
Let w(f) = 20*f + 16. Let t(l) = -4*l - 3. Let g(z) = -14*t(z) - 3*w(z). Let p be g(-4). Let u = 25 - p. List the prime factors of u.
3, 5
Let q(p) = 